etermine q(127).
-3
Let a(p) = -109424*p + 656541. Give a(6).
-3
Let c(y) = -y**2 + 122*y + 8157. Determine c(-48).
-3
Let j(o) = -9607*o + 451526. Give j(47).
-3
Let l(f) = -f**2 + 8455*f - 1237578. Give l(149).
16
Let s(n) = 3626*n - 25305. What is s(7)?
77
Let x(j) = 319*j + 9600. Determine x(-30).
30
Let x(u) = 2*u**3 + 42*u**2 - 559*u + 163. Calculate x(9).
-8
Let x(s) = -154*s**2 - 765*s - 540. Calculate x(-4).
56
Let x(i) = 7969*i + 79750. What is x(-10)?
60
Let h(q) = 1128*q + 4479. What is h(-4)?
-33
Let o(l) = 307*l + 143367. What is o(-467)?
-2
Let h(k) = k**3 - 48*k**2 + 143*k - 189. Determine h(43).
-3285
Let s(b) = b**3 - 25*b**2 - 167*b + 516. What is s(30)?
6
Let p(a) = a**3 + 11573*a**2 - 932240*a + 2. Determine p(80).
2
Let h(l) = 174*l**2 + 10066*l - 1510. Give h(-58).
-2
Let u(f) = 467*f**2 + 7011*f + 91. Determine u(-15).
1
Let a(d) = -74*d**2 + 1883*d - 3467. Determine a(2).
3
Let g(s) = 63*s**2 + 360*s + 162. What is g(-2)?
-306
Let w(g) = 27041*g + 621945. Determine w(-23).
2
Let x(m) = -m**3 + 14*m**2 - 12*m - 589. Determine x(11).
-358
Let g(a) = a**2 + 847*a + 86654. What is g(-119)?
22
Let n(u) = -8*u**2 + 199*u + 1945. Determine n(-8).
-159
Let n(u) = -438*u + 20158. Calculate n(47).
-428
Let j(t) = t**2 + 223*t - 847. Give j(-232).
1241
Let u(f) = 886*f + 41636. Determine u(-47).
-6
Let h(g) = -g**2 - 13005*g + 104072. What is h(8)?
-32
Let i(b) = -2*b**2 - 1079*b - 18707. What is i(-18)?
67
Let l(c) = -16896*c - 50659. Give l(-3).
29
Let d(p) = 26*p**3 + 129*p**2 + 350*p + 1783. Determine d(-5).
8
Let j(s) = 2*s**2 + 34*s - 2738. What is j(-45)?
-218
Let u(c) = -6*c**2 - 35126*c + 70260. What is u(2)?
-16
Let x(f) = -6*f**3 + 1205*f**2 + 202*f - 226. Give x(201).
-25
Let r(g) = g**2 - 11969*g - 830636. What is r(-69)?
-14
Let b(f) = -15*f**3 + 1013*f**2 + 489*f - 813. Give b(68).
71
Let j(i) = -7430*i - 1560290. Give j(-210).
10
Let y(n) = -2*n**3 + 270*n**2 - 467*n - 8637. What is y(133)?
8
Let j(l) = 2810*l - 6651. Determine j(2).
-1031
Let v(s) = s**2 - 297*s - 4442. Calculate v(-15).
238
Let l(f) = -2*f**3 - 609*f**2 + 89*f + 119465. Determine l(-304).
-7
Let d(n) = 15*n**2 + 3882*n + 10848. Give d(-256).
96
Let n(o) = -o**3 + 32*o**2 + 36*o + 1933. Determine n(34).
845
Let z(c) = -1859*c - 1319907. Give z(-710).
-17
Let q(o) = -524*o - 11209. Give q(-23).
843
Let m(k) = k**3 - 7791*k**2 + 31139*k + 7. Give m(4).
-29
Let z(s) = 50*s**2 - 701*s - 28767. Determine z(32).
1
Let y(s) = 6568*s - 69197. Determine y(10).
-3517
Let v(m) = 26*m**2 - 297*m + 572. What is v(19)?
4315
Let y(r) = r**3 + 15*r**2 - 152*r - 104. Determine y(7).
-90
Let s(o) = -29303*o - 175799. Give s(-6).
19
Let m(t) = -248*t + 2143. What is m(7)?
407
Let z(q) = -3*q**3 - 12*q**2 + 36*q - 126. Determine z(7).
-1491
Let w(m) = 117*m**2 - 4152*m - 13. Determine w(35).
-2008
Let w(c) = c**3 + 192*c**2 + 2154*c - 1191. What is w(-180)?
-111
Let a(h) = -h**2 - 11242*h + 89996. Calculate a(8).
-4
Let m(l) = -12*l**2 + 197*l - 1022. Give m(5).
-337
Let w(h) = -h**3 + 170*h**2 - 2004*h + 24. Determine w(13).
505
Let k(c) = -3*c**3 - 109*c**2 - 100*c - 2192. Give k(-36).
112
Let j(s) = 12*s**2 - 655*s + 95. What is j(53)?
-912
Let p(l) = -2*l**3 - 172*l**2 - 513*l + 35. Calculate p(-3).
80
Let p(c) = -580892*c + 5228046. Calculate p(9).
18
Let b(o) = 2*o**3 + 117*o**2 + 14*o - 2521. Calculate b(-58).
31
Let c(r) = -257*r + 2819. Give c(13).
-522
Let b(d) = 11*d**2 - 6852*d + 34024. Calculate b(5).
39
Let r(j) = 3*j**3 + 8*j**2 - 7328*j - 21989. Give r(-3).
-14
Let i(f) = 60*f**2 + 397*f - 142. What is i(-7)?
19
Let h(u) = -u**2 - 2583*u - 233943. Calculate h(-94).
23
Let s(a) = -3711*a + 166917. Calculate s(45).
-78
Let g(q) = 2*q**3 - 137*q**2 + 3*q + 65. Calculate g(0).
65
Let b(v) = 77*v - 1157. Calculate b(-4).
-1465
Let k(m) = m**3 + 17*m**2 + 16*m - 35. Give k(-5).
185
Let k(s) = -s**2 - 91*s + 600. What is k(6)?
18
Let c(i) = -292*i + 50976. Give c(175).
-124
Let n(x) = x**3 - 38*x**2 - 2771*x - 300. Give n(75).
0
Let y(o) = -335*o**2 - 405*o - 60. What is y(-2)?
-590
Let d(y) = -4*y**3 - 32*y**2 + 17*y - 35. Calculate d(4).
-735
Let l(w) = 45*w**3 - 447*w**2 - 77*w + 478. Calculate l(10).
8
Let p(c) = -c**3 + 96*c**2 - 400*c - 339. Calculate p(91).
4666
Let w(c) = 35*c**2 + 106*c - 578. Give w(7).
1879
Let j(l) = 4*l**2 + 606*l - 11443. Give j(17).
15
Let z(s) = -197*s**2 - 56*s - 106. What is z(-2)?
-782
Let f(z) = 1010*z - 10326. Determine f(14).
3814
Let c(g) = -491*g**2 + 17*g - 26. Calculate c(2).
-1956
Let k(j) = -j**2 - 1868*j + 16842. Calculate k(9).
-51
Let g(t) = -t**3 + 66*t**2 + 62*t + 3. Determine g(67).
-332
Let s(r) = -3*r**2 + 519*r + 6842. Determine s(-13).
-412
Let l(s) = 6*s**3 + 176*s**2 - 256*s + 1674. Calculate l(-31).
0
Let u(h) = 8387*h + 41919. Determine u(-5).
-16
Let h(t) = -27*t**2 - 414*t - 994. Determine h(-3).
5
Let o(p) = -1662*p**3 - 2*p**2 - 58*p + 60. What is o(1)?
-1662
Let u(t) = -662808*t + 1988430. Calculate u(3).
6
Let f(p) = 3806*p + 17215. Give f(-5).
-1815
Let i(p) = 18*p**3 - 647*p**2 - 80*p + 144. Determine i(36).
-1440
Let b(r) = -5*r**2 + 108*r - 364. What is b(16)?
84
Let j(g) = -g**3 - 34*g**2 - 214*g - 339. Give j(-5).
6
Let q(m) = -m**3 + 120*m**2 + 133*m + 420. Determine q(121).
1872
Let y(h) = -h**3 + 262*h**2 + 2447*h + 22. Give y(-9).
-50
Let n(a) = -a**3 - 22*a**2 - 83*a - 12. What is n(-5)?
-22
Let a(y) = 33*y - 334. Determine a(12).
62
Let x(t) = -23006*t + 184430. Calculate x(8).
382
Let b(j) = 2*j**3 + 79*j**2 + 218*j + 863. What is b(-37)?
-358
Let h(z) = -10*z**3 - 146*z**2 + 68*z - 165. Calculate h(-15).
-285
Let m(r) = -r**3 - 11*r**2 + 350*r - 30. Determine m(15).
-630
Let v(o) = -28434*o - 255414. What is v(-9)?
492
Let n(u) = -4*u**3 + 21*u**2 - 6*u - 104. Determine n(3).
-41
Let r(x) = 22*x**2 - 133*x - 632. Give r(0).
-632
Let y(g) = 73*g**2 - 592*g + 1776. Calculate y(3).
657
Let v(z) = -11*z**3 - 116*z**2 + 57*z + 7. Give v(-11).
-15
Let a(g) = -5*g**3 + 9*g**2 + 576*g - 47. Calculate a(-10).
93
Let k(n) = -1428*n - 195710. Give k(-137).
-74
Let h(z) = 266*z**2 - 11*z - 301. What is h(0)?
-301
Let q(o) = -53*o**3 - 1534*o**2 + 396*o + 8976. Determine q(-29).
15
Let i(j) = -j**3 - 111*j**2 - 454*j - 50482. Calculate i(-111).
-88
Let t(c) = c**2 + 229*c + 1084. Calculate t(-228).
856
Let t(z) = -1128*z + 9309. Calculate t(8).
285
Let n(s) = 536*s - 5534. Give n(10).
-174
Let i(f) = -f**3 + 8*f**2 + 158*f - 40. Determine i(16).
440
Let t(p) = 137351*p + 1373556. Determine t(-10).
46
Let u(v) = 2*v**3 - 371*v**2 + 10984*v + 126. Give u(37).
-59
Let i(m) = -m**3 - 78*m**2 - 154*m + 2627. Give i(-76).
2779
Let x(f) = 9*f**2 + 58*f - 425. What is x(-11)?
26
Let a(g) = 903*g - 317033. What is a(351)?
-80
Let s(b) = -b**3 + 10*b**2 + 29*b - 111. Calculate s(-7).
519
Let f(v) = -343*v - 25688. Calculate f(-75).
37
Let u(m) = -1397*m - 6934. What is u(-5)?
51
Let c(w) = -30*w + 2158. Determine c(75).
-92
Let v(g) = -9586*g - 306754. Calculate v(-32).
-2
Let d(p) = 4*p**2 + 7705*p - 234765. What is d(30)?
-15
Let f(z) = 5098*z + 91535. Give f(-18).
-229
Let z(f) = -f**3 + 124*f**2 - 9*f + 820. Give z(124).
-296
Let h(c) = -8768*c - 1508091. Give h(-172).
5
Let y(c) = -49*c**3 + 2404*c**2 - 156*c + 430. Give y(49).
-11
Let o(t) = 90*t**2 - 73*t - 635. What is o(4)?
513
Let d(j) = -1282*j + 13615. What is d(11)?
-487
Let g(j) = 1620664*j - 9723979. Calculate g(6).
5
Let v(m) = 3*m**3 - 215*m**2 - 984*m + 50503. Give v(73).
-13
Let r(n) = 15*n - 1863. What is r(104)?
-303
Let n(u) = -12*u**2 + 854*u + 3373. What is n(-4)?
-235
Let p(h) = -7170*h + 28591. Calculate p(4).
-89
Let d(b) = 28234*b + 7679650. Determine d(-272).
2
Let m(q) = -3*q**2 - 172*q - 977. Determine m(-51).
-8
Let w(i) = -4*i**2 - 498*i + 2523. Determine w(-124).
2771
Let y(u) = u**2 + 421*u - 558646. Determine y(566).
-4
Let o(n) = 19*n**3 + 3712*n**2 + 1392*n + 5254. Calculate o(-195).
-11
Let b(w) = 1102*w**2 + 31956*w - 97. Give b(-29).
-39
Let c(k) = k**3 + 11*k**2 - 184*k - 1709. Determine c(-23).
-3825
Let p(x) = 13*x**3 - 32*x**2 + 24*x - 92. Calculate p(5).
853
Let m(s) = 6*s**3 + 76*s**2 - 320*s + 26. Give m(-14).
2938
Let u(y) = -830*y + 75681. Determine u(91).
151
Let p(c) = 252*c + 59376. Give p(-234)